4888.
344
What is the greatest common divisor of 5558982 and 40238?
682
What is the greatest common divisor of 4052 and 41972642?
2026
Calculate the highest common divisor of 2796071 and 794.
397
What is the highest common factor of 60 and 10938450?
30
Calculate the highest common factor of 78 and 1067235.
39
Calculate the greatest common divisor of 804600 and 40275.
225
What is the highest common divisor of 2796941 and 9?
1
What is the highest common factor of 38153071 and 55?
11
What is the greatest common factor of 10937740 and 2420?
220
Calculate the highest common divisor of 292263 and 230917.
37
What is the highest common divisor of 18 and 1605612636?
18
Calculate the highest common divisor of 12065 and 10093085.
95
What is the greatest common factor of 493602 and 150?
6
What is the greatest common divisor of 1 and 36941849?
1
What is the highest common divisor of 71985 and 3495?
15
What is the greatest common factor of 400 and 130103800?
200
Calculate the highest common divisor of 19487716 and 91264.
2852
What is the greatest common divisor of 382323 and 82119?
93
Calculate the greatest common divisor of 152 and 134560204.
76
What is the highest common factor of 9308556 and 34162?
1178
What is the highest common divisor of 107 and 23274?
1
What is the highest common factor of 12896 and 41020564?
1612
Calculate the greatest common divisor of 3325 and 70466991.
133
What is the highest common factor of 4356 and 2084896?
44
What is the greatest common divisor of 68257791 and 1236?
309
Calculate the highest common divisor of 96008902 and 1851.
617
Calculate the greatest common factor of 38039177 and 44.
11
Calculate the highest common factor of 2541 and 14982583.
847
Calculate the greatest common divisor of 104672 and 56512.
32
Calculate the greatest common divisor of 23490 and 4590.
270
Calculate the greatest common factor of 4888759272 and 744.
744
What is the greatest common factor of 977003 and 169721?
43
Calculate the greatest common divisor of 52 and 489064654.
26
What is the highest common factor of 56767165 and 255?
85
What is the highest common divisor of 12992 and 1016769?
29
What is the greatest common divisor of 156 and 2464296?
12
Calculate the highest common divisor of 772628440 and 40.
40
Calculate the greatest common divisor of 4137676299 and 279.
279
What is the highest common factor of 44672 and 37343?
349
What is the highest common divisor of 464817 and 115292?
41
What is the highest common factor of 1248319 and 2888?
19
Calculate the greatest common factor of 163390583 and 2733.
911
Calculate the highest common factor of 48488 and 881194.
58
What is the highest common factor of 51506145 and 165?
15
Calculate the greatest common divisor of 172895398 and 26.
26
Calculate the highest common divisor of 853450 and 105050.
50
Calculate the highest common divisor of 1065 and 556821192.
213
What is the highest common factor of 95837476 and 4484?
236
Calculate the highest common factor of 2970 and 459684.
18
What is the greatest common factor of 2009 and 10065377?
287
Calculate the highest common divisor of 389338 and 2650.
106
What is the greatest common divisor of 562427664 and 1374?
1374
What is the greatest common factor of 44314749 and 846?
423
Calculate the greatest common divisor of 1007 and 234381317.
53
What is the greatest common divisor of 5687168 and 131312?
4528
Calculate the greatest common factor of 1364 and 44736164.
44
What is the greatest common factor of 5253 and 96717?
309
What is the greatest common factor of 4532 and 160612947?
1133
What is the highest common divisor of 12402 and 2374294?
1378
Calculate the highest common divisor of 37413928 and 440.
8
What is the greatest common divisor of 61737 and 3919508?
1583
What is the greatest common divisor of 2064364 and 68?
4
What is the greatest common divisor of 4891842 and 171?
9
Calculate the highest common factor of 561 and 644844.
51
What is the highest common factor of 150381 and 48510?
4851
What is the highest common divisor of 86659512 and 9456?
4728
Calculate the greatest common factor of 428378500 and 11000.
5500
What is the greatest common divisor of 4378300 and 2700?
100
What is the highest common divisor of 82404 and 420965412?
9156
Calculate the greatest common divisor of 3414149 and 11417.
233
What is the greatest common divisor of 6482487 and 297?
33
Calculate the greatest common factor of 18870196 and 14727.
4909
Calculate the greatest common divisor of 709368 and 1576.
8
What is the highest common divisor of 4640 and 2018590240?
4640
Calculate the greatest common divisor of 121 and 323499.
11
What is the highest common divisor of 23 and 28018186?
23
Calculate the highest common divisor of 44475788 and 72527.
5579
What is the greatest common divisor of 785137 and 3048571?
1333
Calculate the highest common divisor of 1305 and 93390585.
435
Calculate the greatest common factor of 148295 and 1037495.
95
Calculate the highest common factor of 2525 and 2331585.
505
What is the greatest common divisor of 4450335 and 165?
15
What is the greatest common divisor of 13870176 and 6?
6
What is the greatest common divisor of 7744155 and 60?
15
Calculate the highest common divisor of 15312 and 542784.
528
Calculate the highest common factor of 26506 and 1047190.
58
Calculate the highest common divisor of 156848 and 400.
16
What is the greatest common factor of 13 and 12327289?
13
Calculate the greatest common divisor of 371488 and 22178.
26
Calculate the greatest common factor of 4 and 10546137.
1
What is the greatest common divisor of 30447 and 5605631?
3383
What is the greatest common factor of 242521088 and 185?
37
What is the highest common factor of 155 and 19027645?
155
What is the highest common divisor of 1102478876 and 76?
76
Calculate the greatest common divisor of 609354 and 1649.
97
Calculate the greatest common factor of 24 and 39352552.
8
What is the greatest common factor of 50875479 and 27?
27
Calculate the highest common divisor of 74 and 172818601.
37
What is the highest common factor of 7830 and 600561?
783
Calculate the highest common divisor of 1803 and 277948677.
1803
Calculate the greatest common factor of 399 and 20979.
21
Calculate the highest common factor of 38398 and 58546.
146
Calculate the highest common factor of 27899 and 1909.
23
Calculate the greatest common factor of 25450 and 259650.
50
What is the greatest common divisor of 1914 and 65537274?
1914
What is the highest common factor of 320454 and 15048?
342
What is the greatest common factor of 1865 and 17528762?
373
What is the greatest common divisor of 12031866 and 6?
6
What is the greatest common factor of 17913 and 4651409?
5971
What is the greatest common divisor of 1826 and 14696?
22
Calculate the greatest common factor of 129 and 758236974.
129
Calculate the greatest common divisor of 1035899 and 1577.
19
What is the highest common divisor of 36958832 and 48?
16
What is the greatest common factor of 170031 and 44764?
361
Calculate the highest common factor of 72 and 44726760.
72
What is the highest common factor of 95 and 2452691?
19
What is the highest common factor of 749054 and 2278?
34
Calculate the greatest common factor of 51156 and 565362.
882
Calculate the greatest common factor of 492382635 and 45.
15
Calculate the greatest common factor of 382461193 and 37.
37
What is the highest common factor of 5646 and 18014504?
1882
What is the highest common divisor of 245168 and 14672?
112
What is the highest common divisor of 1592000 and 130?
10
What is the greatest common divisor of 1140 and 67044?
12
Calculate the greatest common divisor of 97273390 and 25927.
2357
Calculate the greatest common divisor of 39343738 and 79.
79
Calculate the greatest common factor of 3199684 and 12.
4
Calculate the highest common divisor of 17886 and 92157615.
8943
Calculate the greatest common factor of 926 and 1731036157.
463
Calculate the greatest common factor of 6040 and 3796340.
20
Calculate the highest common factor of 792 and 69094344.
264
Calculate the greatest common divisor of 875914424 and 14.
14
What is the greatest common divisor of 1488622 and 170?
34
Calculate the highest common divisor of 1606536873 and 4981.
4981
Calculate the highest common divisor of 7358040 and